+ 4 + 24. Let p(b) = -10*b + 24. Let v be p(m). Let d = -85 + 295. Calculate the greatest common divisor of d and v.
42
Let f = -152 + 195. Calculate the greatest common factor of 344 and f.
43
Suppose -6*p = -p - 3*i + 91, -3*p + i = 53. Let r = p + 41. What is the highest common divisor of r and 16?
8
Let r = -85 + 187. Let f = r - 60. What is the highest common divisor of 63 and f?
21
Let f be (8/(-3))/(12/(-162)). Suppose 5*v = 3*m - 39 + 171, m + 52 = 2*v. Calculate the greatest common factor of f and v.
12
Suppose 4*s - 55 + 11 = 0. What is the greatest common factor of 22 and s?
11
Suppose 5*z + 7 = f, 5*z - 6*z + f - 3 = 0. Let o be ((-12)/(-4))/(z + 2). Calculate the highest common divisor of 21 and o.
3
Suppose 3*r + 3*z = 303, 5*r - 2*z - 491 = -0*r. Let p = 83 + -72. Calculate the greatest common divisor of r and p.
11
Suppose 0 = -0*i - 3*i + 483. Let f = -103 + i. Suppose u - 28 = -j + 7, 2*j - f = u. What is the greatest common factor of j and 124?
31
Let y = 12 - 5. Let r = 7 + y. Suppose -3*x - 71 = -w, 2*w + 2*w = -3*x + 209. Calculate the greatest common factor of w and r.
14
Let r be 49/6*(1 - -5). What is the greatest common divisor of 49 and r?
49
Let v(f) = f**2 - 9*f - 7. Let m be -1*1 + 5 + 9. Let y be v(m). Let x = y + -30. Calculate the highest common divisor of x and 10.
5
Let x = 430 + -213. Let o be -1 + (-4)/(-6) + x/3. Calculate the greatest common divisor of 8 and o.
8
Suppose -5*b + 1650 = a, -4*a + 1650 = 5*b - a. Calculate the highest common factor of b and 60.
30
Suppose f - s - 149 = 0, -4*s - 18 = -22. Calculate the greatest common factor of f and 24.
6
Let f(b) = -b + 10. Let o be f(7). Suppose o*d = -0 - 9, r + 3*d = -25. Let j be (r/3)/((-1)/3). What is the greatest common factor of 16 and j?
16
Suppose 28*h = 2184 + 1680. Calculate the greatest common divisor of h and 78.
6
Suppose 0 = 4*o + 57 + 19. Let v = o + 21. Suppose -396 = v*x - 5*x. What is the highest common factor of x and 12?
12
Let v(c) = 3*c + 1. Let z(j) = 3*j + 2. Let u(d) = -6*v(d) + 5*z(d). Let h be u(-3). What is the greatest common factor of h and 104?
13
Suppose j = 18 + 7. Suppose -2*z = -7*z + j. Calculate the highest common divisor of 65 and z.
5
Let q be (-74)/(-9) + 6/(-27). Suppose -30 = -q*m + 2*m. Suppose -m*p + 206 = 71. Calculate the greatest common factor of 9 and p.
9
Suppose -16*m + 11*m + 935 = 0. Suppose q = -5*g + 75, -4*q + 4*g = -89 - m. Suppose q + 42 = 4*w. Calculate the greatest common divisor of 56 and w.
28
Suppose -411 = -4*j + 3*y, -2*y = 3*j - 262 - 59. Calculate the greatest common divisor of j and 14.
7
Let x = 211 - 127. Suppose -m + 106 - 22 = 5*v, 0 = m - 3*v - x. Suppose -a + m = 2*a. Calculate the greatest common divisor of a and 7.
7
Suppose 60 = -132*k + 137*k. What is the greatest common divisor of k and 132?
12
Let l = 12 + -15. Let u(b) = 46*b - 6. Let w be u(l). Let v be (-14)/(4/(w/4)). What is the highest common divisor of 14 and v?
14
Let k(v) = -4*v + 7*v**2 + 2*v - 2 + 8*v - 9*v. Let u be k(-1). What is the greatest common factor of u and 8?
8
Let y = -96 + 67. Let r = y - -39. Calculate the greatest common divisor of 10 and r.
10
Let k = -49 - -45. Let l be 24/10*((-22)/k + -3). Calculate the greatest common factor of 30 and l.
6
Suppose 16 = 4*y - 0*y. Suppose -y*d + 140 = d. Suppose -978*x + 448 = -974*x. What is the greatest common factor of d and x?
28
Let b(n) = -3*n**2 - 38*n - 9. Let a be b(-12). Let s be ((-20)/a)/(((-8)/12)/1). What is the highest common factor of s and 18?
2
Let w = -10 - -16. Let b be (10/w)/((-8)/(-432)). Let q = 62 + -44. Calculate the highest common divisor of q and b.
18
Let c be (-1 - -2)*1*-1. Let j be (46/(-6))/(c/3). Let g be (12 + 23)*(42/10 - 2/(-5)). What is the highest common factor of j and g?
23
Let v be (-5 - -1) + 56 + 1. Let y = 74 - v. What is the highest common factor of y and 3?
3
Let y = 107 - 91. What is the greatest common divisor of y and 256?
16
Let f(i) = 16*i. Let d(u) = -57*u. Let s(w) = -5*d(w) - 18*f(w). Let o be s(-9). What is the greatest common divisor of 18 and o?
9
Suppose 3*h - 5*y = -0*h, 0 = -h + 4*y. Suppose -2*a = -h*a + j, 5*a + 5*j = -5. Let k be (a + -6)/(4/(-12)). Calculate the greatest common divisor of 15 and k.
15
Let w = -67 + 75. Suppose -6 = -u + w. What is the greatest common factor of u and 126?
14
Let x = -197 + 212. What is the greatest common divisor of x and 60?
15
Suppose -1312 = -2*x + d, -4*d + 2*d = -x + 653. Calculate the greatest common divisor of 73 and x.
73
Suppose -4*l = -3*l - 180. Suppose 4*s - 2*s = l. Calculate the greatest common divisor of s and 36.
18
Suppose -31 = 7*u - 3. Let c be (20 - 35)*u/3. What is the greatest common factor of c and 60?
20
Let f be 24 - ((-7)/14)/((-1)/(-4)). Suppose 5*x + 5*w - 472 + 122 = 0, 4*x = -5*w + 285. What is the highest common factor of f and x?
13
Let r(c) = -c + 7. Let v be r(5). Let g = 26 - 29. Let s be (1/(-5) - 1)*(g + -2). Calculate the greatest common divisor of s and v.
2
Let z(i) = -i**2 - 110*i + 580. Let h be z(5). Calculate the greatest common divisor of h and 85.
5
Suppose g = -3*w + 15, w + 0*w + 27 = 5*g. Let m(u) = -2*u**2 - 18*u + 2. Let p be m(-9). Let a be (90/12)/(p/8). What is the greatest common factor of g and a?
6
Let f(w) = 4*w**2 + 90*w + 99. Let t be f(-22). Calculate the highest common divisor of 88 and t.
11
Suppose 64 = -4*x + 5*x. Let l = 410 - 402. What is the greatest common divisor of l and x?
8
Let t = -845 - -859. What is the greatest common divisor of 182 and t?
14
Let h(f) = 51*f - 22. Let u be h(7). What is the highest common factor of u and 5?
5
Let c = 155 + -103. Let n = c - -8. Suppose q + n = 7*q. What is the highest common divisor of q and 2?
2
Let s(b) = b**2 + 7*b + 8. Let k be s(-8). Let a be (1*-34)/(-3 - (-44)/k). Calculate the highest common divisor of 17 and a.
17
Let q(w) = w**2 + 9*w + 75. Let i be q(0). What is the greatest common factor of i and 15?
15
Suppose 2*z + 2*z = -4*a - 28, 4*a + 2*z + 36 = 0. Let d = a - -13. Suppose -14 = -d*v + 14. What is the highest common factor of 126 and v?
14
Suppose 5*z - 5*w + 42 = -2*w, 5*z - 4*w + 46 = 0. Let n be -6*(z/3)/6. Suppose p + n*p - 30 = 0. What is the greatest common divisor of 30 and p?
10
Suppose -196*j + 120*j = -2888. What is the highest common factor of 95 and j?
19
Let l be 182/(-39) + 5/3 + 11. What is the greatest common factor of l and 256?
8
Let u be 66*1*(-6)/(-18). What is the highest common factor of 275 and u?
11
Suppose -8*f - 10 = -5*c - 6*f, 10 = 5*c + 4*f. What is the greatest common factor of 206 and c?
2
Suppose -135*d = -121*d - 1666. Calculate the greatest common factor of 68 and d.
17
Suppose 180*g - 522 = 174*g. What is the greatest common factor of g and 3?
3
Let a = -218 - -288. Calculate the greatest common factor of a and 40.
10
Let f = -298 - -318. Suppose b + 24 = 3*u, -32 = -4*u - 2*b - 0*b. Calculate the greatest common factor of f and u.
4
Suppose 4 = 5*r - 1, 5*z - 4 = r. Let x(f) = 2*f - 9. Let l be x(13). Let k = l - z. Calculate the highest common divisor of 144 and k.
16
Let o(p) = p**2 - 9*p - 75. Let w be o(-6). Let l = -9 + 39. What is the greatest common factor of l and w?
15
Let o be (3/(-9) + -2)/((-9)/135). Let t be -1 + 9 - (0/(-5) + 3). Calculate the greatest common factor of o and t.
5
Let c be 0 + (-2)/(-4) - 90/(-20). Let u = -3 + 5. What is the highest common divisor of u and c?
1
Let a(r) = 11*r - 94. Let h be a(9). Let y(m) = m**2. Let d be y(-1). Let w = d + 4. What is the greatest common divisor of h and w?
5
Suppose 3*t - 2*f - 41 = 0, -3*f = 9 - 24. What is the greatest common factor of 221 and t?
17
Let v = 89 + -54. What is the highest common factor of 455 and v?
35
Let g(m) = -m + 765. Let b be g(0). Suppose 0*u + 5*u = b. Suppose 15 = 3*y - u. Calculate the greatest common factor of 7 and y.
7
Let j = -40 + 26. Let w(k) = -k - 12. Let s be w(j). Let x(l) = l + 18. Let b be x(0). What is the greatest common divisor of b and s?
2
Suppose 0 = -16*q - 6*q + 924. Calculate the greatest common factor of 6 and q.
6
Let d be ((-252)/24)/((-15)/(-10) - 2). What is the highest common divisor of 399 and d?
21
Let t(z) = 2*z**2 - 17*z - 34. Suppose -2*l + 50 = 4*n - 4*l, 3*n - 5*l - 27 = 0. Le